f 27?
False
Is 12 a factor of 1320?
True
Does 26 divide 920?
False
Is 230 a factor of 22662?
False
Is 2256 a multiple of 8?
True
Is 29988 a multiple of 36?
True
Does 35 divide 224?
False
Is 5 a factor of 1205?
True
Is 3693 a multiple of 14?
False
Does 53 divide 3257?
False
Is 10 a factor of 331?
False
Does 80 divide 57760?
True
Is 62 a factor of 310?
True
Is 88 a factor of 4219?
False
Does 4 divide 2102?
False
Does 22 divide 41505?
False
Does 226 divide 34126?
True
Is 49 a factor of 571?
False
Is 627 a multiple of 33?
True
Does 37 divide 65436?
False
Is 765 a multiple of 17?
True
Is 29523 a multiple of 114?
False
Is 17 a factor of 16473?
True
Is 792 a multiple of 44?
True
Is 2 a factor of 31?
False
Is 15 a factor of 600?
True
Is 6588 a multiple of 54?
True
Is 31 a factor of 2599?
False
Does 5 divide 34865?
True
Is 11865 a multiple of 176?
False
Does 35 divide 6682?
False
Is 188 a multiple of 35?
False
Does 33 divide 6693?
False
Does 19 divide 4617?
True
Is 7 a factor of 756?
True
Does 10 divide 22949?
False
Is 23 a factor of 38916?
True
Is 1536 a multiple of 4?
True
Is 5 a factor of 176?
False
Is 9592 a multiple of 9?
False
Is 32963 a multiple of 17?
True
Is 7 a factor of 1316?
True
Is 186 a multiple of 6?
True
Is 10092 a multiple of 50?
False
Does 13 divide 481?
True
Is 34 a factor of 5764?
False
Is 9 a factor of 3400?
False
Is 59824 a multiple of 16?
True
Is 46 a factor of 2994?
False
Is 2 a factor of 7905?
False
Is 952 a multiple of 8?
True
Is 369 a multiple of 12?
False
Is 3028 a multiple of 14?
False
Is 18 a factor of 443?
False
Does 15 divide 285?
True
Is 69 a factor of 3493?
False
Does 178 divide 69623?
False
Does 159 divide 21040?
False
Does 24 divide 888?
True
Does 12 divide 3459?
False
Is 474 a multiple of 29?
False
Is 3 a factor of 2307?
True
Is 6111 a multiple of 17?
False
Is 3663 even?
False
Is 23 a factor of 4001?
False
Is 8 a factor of 1336?
True
Does 144 divide 13163?
False
Is 3045 a multiple of 21?
True
Is 146 a factor of 3504?
True
Does 195 divide 31238?
False
Is 16330 a multiple of 13?
False
Does 16 divide 4525?
False
Does 4 divide 863?
False
Is 6159 a multiple of 4?
False
Is 59 a factor of 4030?
False
Does 31 divide 13609?
True
Is 12 a factor of 23?
False
Does 26 divide 41782?
True
Is 19278 a multiple of 42?
True
Is 2610 a multiple of 30?
True
Is 35 a factor of 3150?
True
Does 6 divide 294?
True
Is 4352 a multiple of 17?
True
Is 737 a multiple of 25?
False
Is 45 a factor of 13500?
True
Is 183 a factor of 2414?
False
Is 150 a factor of 21450?
True
Is 30 a factor of 323?
False
Is 2 a factor of 3246?
True
Is 21329 a multiple of 102?
False
Is 612 a multiple of 4?
True
Is 4204 a multiple of 20?
False
Does 420 divide 176811?
False
Is 17493 a multiple of 4?
False
Is 5462 a multiple of 53?
False
Is 75 a multiple of 15?
True
Is 2 a factor of 5877?
False
Is 36 a factor of 22553?
False
Does 17 divide 713?
False
Is 1844 a multiple of 36?
False
Is 652 a multiple of 13?
False
Does 3 divide 38609?
False
Is 55 a factor of 1705?
True
Is 13 a factor of 1235?
True
Is 363 a multiple of 33?
True
Is 15 a factor of 195?
True
Is 11 a factor of 69389?
False
Does 3 divide 66?
True
Does 4 divide 269?
False
Is 6 a factor of 96?
True
Does 11 divide 93533?
True
Is 19 a factor of 4204?
False
Is 1246 a multiple of 14?
True
Is 15 a factor of 24975?
True
Is 9 a factor of 624?
False
Is 10 a factor of 1955?
False
Is 46 a factor of 10926?
False
Is 14 a factor of 29764?
True
Does 8 divide 3928?
True
Is 57 a factor of 4617?
True
Is 48 even?
True
Is 430 even?
True
Is 14642 a multiple of 14?
False
Is 85 a factor of 94945?
True
Is 77913 a multiple of 30?
False
Is 1730 a multiple of 15?
False
Is 31 a factor of 1045?
False
Does 106 divide 574?
False
Is 1968 a multiple of 146?
False
Does 109 divide 871?
False
Does 7 divide 4319?
True
Does 5 divide 14375?
True
Is 316 a multiple of 11?
False
Does 33 divide 9570?
True
Is 5016 a multiple of 19?
True
Is 4 a factor of 620?
True
Does 48 divide 1605?
False
Is 5850 a multiple of 10?
True
Does 40 divide 1960?
True
Does 21 divide 87?
False
Is 91 a factor of 1729?
True
Does 206 divide 13802?
True
Is 6726 a multiple of 59?
True
Does 200 divide 60108?
False
Is 15 a factor of 1275?
True
Is 70 a factor of 17085?
False
Does 10 divide 130?
True
Is 22 a factor of 1738?
True
Is 18733 a multiple of 88?
False
Is 2241 a multiple of 69?
False
Is 55 a factor of 9900?
True
Is 22846 a multiple of 70?
False
Is 99 a factor of 594?
True
Is 84 a multiple of 3?
True
Is 17 a factor of 3410?
False
Is 52 a factor of 728?
True
Is 3 a factor of 28762?
False
Is 11 a factor of 3730?
False
Does 58 divide 4306?
False
Is 39 a factor of 273?
True
Is 817 a multiple of 43?
True
Is 36 a factor of 5976?
True
Does 30 divide 1494?
False
Is 1028 a multiple of 6?
False
Is 32 even?
True
Does 13 divide 325?
True
Does 60 divide 4332?
False
Does 4 divide 416?
True
Is 152 a factor of 41569?
False
Does 3 divide 64?
False
Is 782 a multiple of 34?
True
Is 56907 a multiple of 354?
False
Does 76 divide 1834?
False
Is 2 a factor of 18?
True
Is 39 a factor of 69710?
False
Is 615 a multiple of 71?
False
Is 50 a factor of 8200?
True
Does 5 divide 802?
False
Is 6337 a multiple of 22?
False
Does 29 divide 14848?
True
Is 7 a factor of 8134?
True
Is 158 a factor of 28124?
True
Is 52172 a multiple of 112?
False
Does 17 divide 4420?
True
Is 19 a factor of 1406?
True
Does 20 divide 1700?
True
Is 2400 a multiple of 60?
True
Does 77 divide 1386?
True
Does 10 divide 702?
False
Is 62 a multiple of 16?
False
Is 14 a factor of 14583?
False
Does 41 divide 3649?
True
Is 175 a factor of 66012?
False
Is 2588 a multiple of 84?
False
Is 16 a factor of 1312?
True
Does 58 divide 21982?
True
Does 58 divide 470?
False
Is 298 a multiple of 15?
False
Does 11 divide 3711?
False
Does 20 divide 140?
True
Is 30 a multiple of 30?
True
Is 19439 a multiple of 225?
False
Is 1687 a multiple of 3?
False
Does 20 divide 600?
True
Does 103 divide 9270?
True
Does 63 divide 13252?
False
Is 62 a factor of 308?
False
Does 3 divide 1267?
False
Is 9 a factor of 549?
True
Is 580 a multiple of 116?
True
Is 102 a factor of 9384?
True
Is 1135 a multiple of 5?
True
Is 20385 a multiple of 5?
True
Is 7 a factor of 52078?
False
Does 3 divide 558?
True
Is 63 a factor of 11529?
True
Is 92 a factor of 85928?
True
Is 153 a factor of 9700?
False
Is 10 a factor of 9928?
False
Is 34 a factor of 735?
False
Is 6 a factor of 48234?
True
Is 238 even?
True
Does 10 divide 786?
False
Does 100 divide 13095?
False
Does 134 divide 11541?
False
Does 5 divide 1227?
False
Is 1458 a multiple of 27?
True
Is 288 a multiple of 29?
False
Is 4 a factor of 8484?
True
Does 29 divide 1305?
True
Does 5 divide 1040?
True
Does 23 divide 70?
False
Does 5 divide 75?
True
Does 3 divide 478?
False
Is 3816 a multiple of 106?
True
Does 2 divide 1002?
True
Is 689 a multiple of 2?
False
Is 441 a multiple of 21?
True
Is 49 a factor of 177?
False
Is 27603 a multiple of 9?
True
Is 13 a factor of 127248?
False
Is 18 a factor of 9486?
True
Does 28 divide 12488?
True
Does 24 divide 1610?
False
Is 10 a factor of 1770?
True
Is 21 a factor of 252?
True
Is 11 a factor of 8292?
False
Does 30 divide 18457?
False
Is 6217 a multiple of 116?
False
Does 84 divide 37799?
False
Is 143 a factor of 143?
True
Is 3 a factor of 807?
True
Is 4 a factor of 100?
True
Is 107026 a multiple of 118?
True
Is 23 a factor of 38906?
False
Is 26 a factor of 1279?
False
Is 823 a multiple of 19?
False
Is 1464 a multiple of 18?
False
Is 95 a factor of 2615?
False
Is 936 a multiple of 6?
True
Is 8023 a multiple of 27?
False
Does 19 divide 313?
False
Does 24 divide 1104?
True
Is 106 a factor of 5995?
False
Is 4 a factor of 8815?
False
Does 5 divide 3190?
True
Does 13 divide 31525?
True
Does 4 divide 938?
False
Does 62 divide 1116?
True
Does 19 divide 9177?
True
Is 5518 a multiple of 62?
True
Is 117 a factor of 3393?
True
Is 926 a multiple of 21?
False
Is 9 a factor of 441?
True
Is 298 a multiple of 35?
False
Is 515 a multiple of 26?
False
Does 5 divide 6355?
True
Is 21338 a multiple of 62?
False
Does 11 divide 214?
False
Is 2368 a multiple of 64?
True
Does 51 divide 1428?
True
Is 224 a multiple of 14?
True
Is 23 a factor of 1058?
True
Is 5 a factor of 65?
True
Is 51 a factor of 5382?
False
Is 15 a factor o